der when o is divided by 91?
84
Let w be 22/10 + (-3)/15. Suppose -w*z - 3 = -33. Suppose -4*o - p = -227, 5*o = o - 3*p + 217. What is the remainder when o is divided by z?
13
Let v = -739 - -2102. What is the remainder when v is divided by 105?
103
Suppose -4*o + 21 = -39. Let m = o + -7. Let f(a) = -3*a + 2. What is the remainder when f(-4) is divided by m?
6
Suppose -320 = 7*i - 17*i. Suppose -51 = -x - 2*x. What is the remainder when i is divided by x?
15
Suppose -a + 80 = -5*a. Let p(i) = i**2 + 18*i - 28. What is the remainder when 20 is divided by p(a)?
8
Let n = 104 - -33. Suppose -4*w - 3*v = -43 - 84, -3*w - v = -89. Calculate the remainder when n is divided by w.
25
Suppose 4*d + 2*q + 39 - 69 = 0, 0 = d + 2*q. Suppose 0*i - 2*i = -l - 141, 3*i + 2*l = 201. Calculate the remainder when i is divided by d.
9
Let r = -3 - 1. Let u(y) = 16*y - 4. Let d be u(r). Let q = d + 115. What is the remainder when q is divided by 16?
15
Suppose 0 = -p + 6*p - 200. Let s = 13 - 18. Let n(f) = f + 19. Calculate the remainder when p is divided by n(s).
12
Let j(k) = 3*k**3 + 44*k**2 - 16*k + 15. Calculate the remainder when 79 is divided by j(-15).
19
Let z(n) = -n**2 - 2*n - 2. Let b be z(5). Let s = b + 72. Calculate the remainder when s is divided by 12.
11
Suppose 5*q = -4*k + 3*k, 4*k - 3*q - 69 = 0. Let y = k + 13. Calculate the remainder when y is divided by 8.
4
Suppose 5*r = 5*i + 3*r - 200, 4*i - 163 = r. What is the remainder when 122 is divided by i?
38
Let k be (-4)/78*-3 - (-14)/(-91). Calculate the remainder when 43 is divided by 23 - 6 - (2 - k)*1.
13
Suppose 20 + 52 = -3*b. Let q = b - -54. Calculate the remainder when q is divided by 16.
14
Let l = -67 + 77. Suppose l*w - 31 = 169. Calculate the remainder when 38 is divided by w.
18
Let g = -61 + 63. Suppose -g*k - 2*j = -3*j - 61, -3*j - 43 = -k. Calculate the remainder when 139 is divided by k.
27
Let t = 732 + -725. Calculate the remainder when 12 is divided by t.
5
Suppose r = 3*f + 67, 0*r + 3*r + 3*f - 153 = 0. Calculate the remainder when r is divided by 22.
11
Suppose -6*v = -v - 5*p - 25, 2*v + 4*p = 16. Suppose 16 + 24 = 4*x. What is the remainder when x is divided by v?
4
Suppose 6*n + x = n + 54, -4*n + 2*x = -32. Suppose 6*m = n*m - 312. Calculate the remainder when m is divided by 20.
18
Calculate the remainder when 15*(-3)/(-15)*34 is divided by 36.
30
Let p = -661 - -713. Calculate the remainder when p is divided by 28.
24
Let y(i) = -60*i + 1. Let h = 37 + -38. Calculate the remainder when y(h) is divided by 31.
30
Suppose -15*m + 685 = -35. Calculate the remainder when m is divided by 12.
0
Let v = -161 - -163. Let z(s) = s + 7. Let x(b) = b - 9. Let f be x(4). What is the remainder when z(f) is divided by v?
0
Let j = -19 + -1. What is the remainder when 48/j*55/(-2) is divided by 954/(-1272) + 1/(4/71)?
15
Let s(c) = 3*c**2 + 6*c + 16. Let i be s(-5). Let a = 82 - i. What is the remainder when 125 is divided by a?
20
Suppose -11*p = -10*p - 47. What is the remainder when p is divided by (-144)/(-15) - 2/(-5)?
7
Let c(n) = 3*n**2 + 13*n + 7. Let s be ((-9)/(-6)*-2)/(-1) + 3. What is the remainder when c(s) is divided by 28?
25
Calculate the remainder when 693 is divided by 2/7*161/69*87.
55
Let f be -1 - 7 - (-1 - (-15)/5). Let t(w) = w**2 + 9*w + 5. What is the remainder when 59 is divided by t(f)?
14
Let l = 64 + -36. Let w(q) be the third derivative of -7*q**4/24 - 22*q**3/3 - 7*q**2. What is the remainder when w(-14) is divided by l?
26
Suppose -5*k = -k - 144. Let u be (-114)/(-27) - 8/k. Suppose u = 4*a - 5*r, -3*a + 5 = -4*r + 3. Calculate the remainder when a is divided by 4.
2
Suppose -8*h = -12*h + 208. Calculate the remainder when 257 is divided by h.
49
Let g = 124 + -236. Let b = -55 - g. What is the remainder when b is divided by 31?
26
Suppose 0 = u - 2*k - 24, u + 35*k - 31*k - 42 = 0. What is the remainder when 207 is divided by u?
27
Let a be 2/(-5) - (-204)/60. Suppose 5*q - 51 = o, -43 = -10*q + 5*q + a*o. What is the remainder when 20 is divided by q?
9
Let p(f) = -3*f - 12. Suppose -n - 4*k - 2 = 0, n + 2*k = -k - 2. What is the remainder when p(-5) is divided by ((-4)/4)/(n/6)?
0
Suppose -5*b = -5*s - 120, 3*s - 27 - 6 = -2*b. Calculate the remainder when 26 is divided by b.
5
Suppose 0 = -5*a + 10, z + a - 50 = -0*z. Calculate the remainder when z is divided by 8.
0
Let b(r) = r**3 + 10*r**2 + 11*r + 22. Calculate the remainder when 14 is divided by b(-9).
2
Suppose 0*q = -q + 6. Let c be 146/10 - q/(-15). What is the remainder when 23 is divided by 10*3/c*2?
3
Suppose -6*c - 45 = -11*c. Calculate the remainder when 114 is divided by c.
6
Let c = 90 - 152. Let l = 2 - c. Calculate the remainder when l is divided by 22.
20
What is the remainder when 86 is divided by ((-9)/(-6))/((-5 - 6)/(-132))?
14
Let p = -923 - -936. What is the remainder when p is divided by 6?
1
Let b be ((-64)/3)/((-184)/60 + 3). Suppose 2*y = 3*l - 520, b = 5*l + y - 564. What is the remainder when l is divided by 36?
32
Suppose 0 = 2585*q - 2579*q - 72. Calculate the remainder when 39 is divided by q.
3
Suppose 5*l - 3*d - 326 = 0, 5*d = -l + 10*d + 52. Calculate the remainder when l is divided by 54.
13
Calculate the remainder when 172 is divided by (294/9)/(6/9).
25
Suppose 2*q - 92 = -o, -2*q = -3*o - q + 241. Suppose -2*r = -4 - 8. Let h = r - -15. What is the remainder when o is divided by h?
19
Suppose 3*y - 2*y = 41. Calculate the remainder when 407 is divided by y.
38
Suppose -3 = -2*u + 9. Suppose -u*n + n + 25 = 0. Calculate the remainder when (13/(-2))/(-4*11/88) is divided by n.
3
Let a be (-2)/(-12) + 7/(-42). Let v be (a - 0)/(0 + -2). Suppose 0 = -4*c + 5*j + 19, v*j - 31 = -5*c - j. What is the remainder when 22 is divided by c?
4
What is the remainder when (-3 + 10)/(-5*(-5)/50) is divided by (-62)/(-8) - (-3)/12?
6
Let y = -93 + 201. Suppose 12*g = 16*g - y. What is the remainder when 79 is divided by g?
25
Suppose 24*f + 862 = 26*f. What is the remainder when f is divided by 31?
28
Suppose -3*v - 2*c + 9 = 0, 2*c - c = -5*v + 22. Suppose v*i + 145 = 10*i. Calculate the remainder when i is divided by 46/3 - (-1)/(-3).
14
Calculate the remainder when (512 - 7)/(45/162) is divided by 26.
24
Suppose 4*f - 152 = -2*z, -2*z - 3*z = 0. Suppose -8 = -p + f. Suppose g = 4*g - 36. What is the remainder when p is divided by g?
10
Calculate the remainder when (-940)/30*(45/(-6))/5 is divided by 6.
5
Suppose -7*h + 302 = -160. Calculate the remainder when h is divided by 19.
9
Let i be (1 - -1)/((-4)/(-66)). Let k = -17 + i. Calculate the remainder when k is divided by 9.
7
What is the remainder when (8/(-5))/(92/(-3910)) is divided by 14?
12
Suppose -20 - 520 = -36*x. Calculate the remainder when 149 is divided by x.
14
Suppose -43 = 5*l - 153. Let f(g) = -5*g - 14. Let u(i) = 4*i + 14. Let o(x) = -2*f(x) - 3*u(x). What is the remainder when l is divided by o(-11)?
6
Let j be 6/2 + 1/1 + 5. Suppose -11*x = -j*x - 60. What is the remainder when x is divided by 16?
14
Let r(x) = -x**3 - x**2 + 11*x - 9. Let n be r(7). What is the remainder when 36 + 2/1 + -4 is divided by (3/9)/((-6)/n)?
16
Let c = 20 + -16. What is the remainder when 40 is divided by c?
0
Let p(s) = s**3 - 7*s**2 + 5*s + 6. Let d be p(6). Let f(b) = -b**3 + 33. Let o = 212 - 203. Calculate the remainder when f(d) is divided by o.
6
What is the remainder when (-50)/(-8)*(72 + -44) is divided by 26?
19
Suppose -9 = 2*u + 5*v + 47, -5*v = 0. Let c = -12 - u. What is the remainder when 46 is divided by c?
14
Suppose 3*o - a + 2*a - 323 = 0, -6 = -3*a. Suppose -26 = 5*i - 3*k - o, 2*k = -4. Calculate the remainder when i is divided by 10.
5
Suppose 2*i + i + 21 = 3*y, 0 = 3*y + i - 5. Let b(d) = d**3 - 4*d**2 + 2*d. Let o be b(y). Let q = o - -4. What is the remainder when 3 is divided by q?
0
Suppose r = -3*f - 2 + 42, -2*f = -3*r - 45. What is the remainder when 289 is divided by f?
4
What is the remainder when (103 - (-1)/(-6)*6) + 7 is divided by -2*1/(-4)*32?
13
Suppose 0 = 16*h - 11*h - 50. Calculate the remainder when ((-16)/2)/(h/(-40)) is divided by 18.
14
Let k(i) = -16*i - 92. What is the remainder when k(-7) is divided by 11?
9
Suppose -8*q = -85 - 123. Suppose k = -2*r + 137, -81